?
False
Is 28822418311 a composite number?
False
Is 1765919161 prime?
False
Is 9093102107 a prime number?
True
Is 4772296171 a prime number?
False
Is 774524017 composite?
False
Is 11398952027 a prime number?
False
Is 637383169 a prime number?
True
Is 6365718491 prime?
False
Is 488663761 composite?
False
Is 1306946651 composite?
False
Is 7161223105 composite?
True
Is 54342289949 a composite number?
False
Is 311855017 composite?
False
Is 576819317 composite?
False
Is 41717209811 a prime number?
False
Is 450082781 prime?
True
Is 4371503729 a composite number?
False
Is 142736051 composite?
False
Is 2561710747 a composite number?
False
Is 6267565 prime?
False
Is 151320215 prime?
False
Is 198241009 a composite number?
False
Is 5858190997 a prime number?
False
Is 11659819921 prime?
False
Is 452560217627 a prime number?
False
Is 983627147 composite?
False
Is 3495749443 a composite number?
True
Is 1796008349 prime?
True
Is 1763372899 composite?
True
Is 7390908809 a prime number?
False
Is 1411142099 prime?
True
Is 432226549 prime?
False
Is 55642725269 a prime number?
True
Is 194346589 a prime number?
False
Is 6093289877 a prime number?
True
Is 1733520203 prime?
False
Is 144665669 composite?
True
Is 399750186049 a prime number?
True
Is 11975261953 a composite number?
True
Is 1915443113 a prime number?
False
Is 2216477701 prime?
False
Is 462796153 a prime number?
True
Is 67070008639 prime?
False
Is 4271279347 a prime number?
True
Is 34268948557 prime?
True
Is 1172719259 a prime number?
True
Is 281249797 a composite number?
False
Is 744912283 composite?
False
Is 60020890967 a composite number?
False
Is 102638322739 prime?
True
Is 44937272033 prime?
True
Is 70148749079 a prime number?
True
Is 488854537 a composite number?
True
Is 2095752827 prime?
False
Is 46319797 composite?
True
Is 1648280339 a composite number?
True
Is 23878400087 a composite number?
False
Is 8808962909 a prime number?
True
Is 41619535751 a composite number?
False
Is 1377114227 composite?
False
Is 565123423 prime?
False
Is 1398393943 composite?
False
Is 31220323207 composite?
False
Is 14247312641 composite?
False
Is 150994451 a composite number?
False
Is 8153494823 composite?
False
Is 4117570409 a composite number?
False
Is 99445217 a composite number?
False
Is 469475323 a composite number?
False
Is 2537816053 prime?
False
Is 6840265093 a composite number?
False
Is 123480230651 composite?
False
Is 50774729 a prime number?
True
Is 364782597 a prime number?
False
Is 458065301 a composite number?
True
Is 3877115687 a prime number?
False
Is 1425721019 prime?
False
Is 5565030239 composite?
True
Is 2511201227 prime?
False
Is 11856153535 composite?
True
Is 2562598123 prime?
False
Is 197297897 a composite number?
False
Is 4883890327 a prime number?
False
Is 1068421007 prime?
True
Is 2872932851 prime?
False
Is 27311120477 a prime number?
True
Is 783916039 prime?
True
Is 10964708305 a composite number?
True
Is 96629405089 a prime number?
False
Is 182403703 a composite number?
True
Is 13104888989 composite?
True
Is 12054983791 a prime number?
True
Is 1053969703 composite?
False
Is 20245959511 a prime number?
True
Is 264928227 a prime number?
False
Is 532993091 a composite number?
False
Is 281851579 composite?
True
Is 273505867 prime?
False
Is 374436779 prime?
False
Is 1765979441 prime?
True
Is 1914237797 prime?
False
Is 64543394791 a prime number?
True
Is 4023790201 composite?
True
Is 5379038683 composite?
True
Is 104049411 a prime number?
False
Is 248126477 composite?
True
Is 544276783 a composite number?
False
Is 778402973 prime?
True
Is 1927140097 a composite number?
True
Is 1478482513 prime?
True
Is 46928512513 prime?
True
Is 167196749 prime?
False
Is 15095237197 a composite number?
True
Is 3673505519 a composite number?
False
Is 178655825981 a composite number?
False
Is 98491857197 prime?
True
Is 895425127 prime?
False
Is 1022355407 a composite number?
True
Is 1746946358 composite?
True
Is 3938800067 composite?
True
Is 4023218139 a composite number?
True
Is 1028879261 a composite number?
False
Is 17018398877 prime?
False
Is 49076897 a prime number?
False
Is 1432735957 a prime number?
False
Is 3839736217 composite?
False
Is 35782645 prime?
False
Is 4240706753 a prime number?
True
Is 4341585467 composite?
True
Is 4765791047 a composite number?
True
Is 40603656565 prime?
False
Is 613055219999 prime?
True
Is 45849190321 prime?
False
Is 1173492205 composite?
True
Is 39792119347 composite?
True
Is 4557893029 a prime number?
True
Is 757646507 prime?
True
Is 3254077349 a composite number?
True
Is 4545862 a prime number?
False
Is 209041177 composite?
True
Is 2702114309 composite?
True
Is 2973487591 a prime number?
True
Is 5622748297 a composite number?
False
Is 27167555 a prime number?
False
Is 1504940813 prime?
False
Is 818804401 a composite number?
False
Is 1375488407 composite?
False
Is 4811951042 a composite number?
True
Is 508462261 a prime number?
True
Is 2391061297 composite?
True
Is 282549599 composite?
True
Is 79441163621 prime?
True
Is 1358372447 prime?
True
Is 1332664159 a composite number?
False
Is 16555562711 a composite number?
True
Is 3620659633 a composite number?
False
Is 23928484763 composite?
True
Is 221561963969 prime?
False
Is 29694783413 a prime number?
False
Is 756190027 prime?
False
Is 1131071771 composite?
False
Is 4881507289 composite?
False
Is 6292201231 composite?
False
Is 6056626783 composite?
False
Is 3969955747 a composite number?
False
Is 45496668703 a prime number?
True
Is 4957100749 a composite number?
False
Is 46262028767 a prime number?
True
Is 157633859 prime?
True
Is 7599382799 a prime number?
True
Is 16548556399 a prime number?
True
Is 10182441239 composite?
False
Is 14197808453 a prime number?
True
Is 2230903331 a prime number?
False
Is 21367397041 composite?
False
Is 4912433179 composite?
False
Is 16792577 a composite number?
True
Is 269847401021 composite?
True
Is 287712121 a prime number?
True
Is 4276960453 prime?
False
Is 829627943 prime?
True
Is 1055885717 a prime number?
False
Is 144661591 a prime number?
False
Is 4091222753 composite?
False
Is 64366702369 a prime number?
False
Is 3622472107 composite?
False
Is 5400811135 composite?
True
Is 60284938363 prime?
False
Is 4589595949 a prime number?
False
Is 2148116143 prime?
True
Is 20430043897 a composite number?
True
Is 4850371837 prime?
False
Is 2049574427 a prime number?
True
Is 151930787 prime?
False
Is 54713078929 a prime number?
False
Is 424849223 composite?
False
Is 44106558121 a composite number?
False
Is 1434131941 prime?
False
Is 26217845 a prime number?
False
Is 342486895 a composite number?
True
Is 309339851 a composite number?
True
Is 1464255447 prime?
False
Is 1039745299 composite?
False
Is 4400754091 a composite number?
True
Is 29149275037 prime?
False
Is 2181667106 a prime number?
False
Is 5727520961 prime?
False
Is 19636992766 prime?
False
Is 20273418511 a prime number?
False
Is 79289984089 a composite number?
True
Is 59419326359 prime?
True
Is 1085823511 prime?
True
Is 215890019 composite?
True
Is 110906726867 a prime number?
False
Is 780238631 prime?
True
Is 6352938139 a prime number?
True
Is 5563253297 prime?
False
Is 536384291 composite?
True
Is 4812087191 a composite number?
False
Is 2173633907 a prime number?
True
Is 948139931 prime?
True
Is 2385077671 a composite number?
False
Is 44266465759 composite?
True
Is 5112099766 a composite number?
True
Is 124566989 prime?
True
Is 3674411203 composite?
True
Is 22609003 a prime number?
True
Is 541139453 a composite number?
True
Is 177221396477 a composite number?
False
Is 3122143127 composite?
False
Is 8922346229 composite?
False
Is 136627639 prime?
True
Is 1195873529 a prime number?
False
Is 6414341581 a prime number?
True
Is 9278903129 a prime number?
True
Is 671737763 composite?
False
Is 455630213 a composite number?
False
Is 2750465801 composite?
False
Is 34599108107 a prime number?
True
Is 2152532827 prime?
True
Is 340311935 prime?
False
Is 2563338563 prime?
False
Is 1129493797 prime?
False
Is 550853917 a prime number?
True
Is 4698557321 prime?
True
Is 25845570577 a prime number?
False
Is 733341383 prime?
True
Is 4485414803 composite?
False
Is 137543435011 a composite number?
False
Is 1033789087 a prime number?
True
Is 3076751179 compo